?
True
Is 6231733 composite?
False
Is 27516953 composite?
False
Is 67389703 a prime number?
False
Is 646571 a prime number?
True
Is 44282593 composite?
True
Is 62242 a composite number?
True
Is 121988687 composite?
True
Is 17231491 prime?
True
Is 1825781 a prime number?
True
Is 84219461 prime?
True
Is 3382615 prime?
False
Is 890965133 composite?
False
Is 1452047 prime?
True
Is 177866279 prime?
True
Is 99826033 composite?
True
Is 23470699 prime?
False
Is 1461125309 composite?
True
Is 21105841 a composite number?
True
Is 1356577 prime?
True
Is 6799831 a prime number?
True
Is 5041999 composite?
False
Is 191663 a prime number?
False
Is 1548147 composite?
True
Is 5590437 a composite number?
True
Is 2655137 composite?
True
Is 8712991 prime?
False
Is 21802371 prime?
False
Is 31428127 a prime number?
False
Is 54269 prime?
True
Is 55500119 prime?
False
Is 872533 prime?
True
Is 503568487 a prime number?
True
Is 5193691 a prime number?
True
Is 6577159 a prime number?
False
Is 269971231 a prime number?
False
Is 97542443 a prime number?
True
Is 365231 a prime number?
True
Is 131095361 a prime number?
False
Is 77334403 a composite number?
True
Is 4237031 a prime number?
True
Is 121705153 a prime number?
True
Is 33563247 prime?
False
Is 179161 a prime number?
True
Is 31248271 prime?
True
Is 7759439 composite?
False
Is 559397 composite?
False
Is 29538629 a composite number?
True
Is 5192113 a composite number?
False
Is 9006301 a composite number?
True
Is 8241299 composite?
True
Is 498959 a composite number?
True
Is 3517391 a prime number?
False
Is 65588759 a composite number?
False
Is 4261051 a composite number?
False
Is 2039731 prime?
True
Is 5625167 composite?
True
Is 10437757 composite?
True
Is 154391519 a prime number?
False
Is 22189667 a prime number?
True
Is 293399 composite?
False
Is 1627565 composite?
True
Is 14568727 a prime number?
True
Is 444253 a prime number?
True
Is 5472109 composite?
False
Is 776741867 a prime number?
False
Is 6566909 a composite number?
False
Is 46649723 composite?
False
Is 349032767 a prime number?
False
Is 164515193 a prime number?
True
Is 1392283 a prime number?
False
Is 3039149 composite?
True
Is 234783401 a composite number?
True
Is 30900551 composite?
True
Is 3576509 a prime number?
True
Is 3146809 a prime number?
True
Is 5128241 composite?
True
Is 49681 a prime number?
True
Is 62582953 a composite number?
False
Is 23652133 composite?
True
Is 21232301 a composite number?
True
Is 12861767 a composite number?
False
Is 168012205 composite?
True
Is 606743 composite?
False
Is 28237219 composite?
True
Is 230801117 composite?
False
Is 194539097 a composite number?
True
Is 65221309 composite?
True
Is 15948547 a composite number?
False
Is 8518657 composite?
True
Is 48152597 prime?
True
Is 1643237 prime?
False
Is 646211 a prime number?
False
Is 30745963 a composite number?
True
Is 42732429 a composite number?
True
Is 4207237 prime?
True
Is 9821321 a prime number?
True
Is 6335351 a prime number?
False
Is 101445781 prime?
True
Is 19472107 a composite number?
False
Is 1371641 a prime number?
True
Is 1878161 composite?
True
Is 13552663 composite?
True
Is 861079 a prime number?
True
Is 1143704231 a composite number?
False
Is 21998829 prime?
False
Is 6422789 a composite number?
True
Is 16535999 a prime number?
False
Is 57624473 composite?
True
Is 31463519 composite?
False
Is 8037347 a prime number?
True
Is 114326083 composite?
False
Is 65914637 prime?
True
Is 26779091 a prime number?
True
Is 71828593 a prime number?
False
Is 138791381 composite?
False
Is 240413591 a prime number?
False
Is 1624379 composite?
True
Is 7675553 a prime number?
True
Is 5125793 a composite number?
True
Is 12839903 prime?
True
Is 37935043 a composite number?
False
Is 7901057 a prime number?
True
Is 15951529 a prime number?
False
Is 447859 prime?
True
Is 19564003 a prime number?
False
Is 8841029 composite?
True
Is 544421 a prime number?
False
Is 4928843 composite?
True
Is 457338977 composite?
True
Is 5981243 composite?
True
Is 7463279 composite?
False
Is 41284097 a composite number?
False
Is 1807789 prime?
False
Is 297733 a prime number?
False
Is 119897351 prime?
False
Is 1195235329 prime?
True
Is 2493817 prime?
True
Is 61261177 a composite number?
True
Is 242010469 a composite number?
False
Is 7909145 prime?
False
Is 53158489 a composite number?
False
Is 73323379 composite?
True
Is 208365959 composite?
False
Is 17394953 a prime number?
True
Is 18978301 a composite number?
False
Is 47737 a composite number?
False
Is 348282697 a prime number?
False
Is 2196659 a composite number?
False
Is 21763138 prime?
False
Is 12643331 prime?
False
Is 4124063 a prime number?
False
Is 1847221 a prime number?
True
Is 2999141 a composite number?
False
Is 312171689 a composite number?
True
Is 336883 a prime number?
False
Is 13396751 a composite number?
False
Is 6986809 a prime number?
False
Is 16361357 prime?
False
Is 358069 a composite number?
False
Is 4366237 a prime number?
True
Is 76779841 prime?
False
Is 34127089 a composite number?
True
Is 44764531 composite?
True
Is 222857227 prime?
True
Is 305714203 a composite number?
False
Is 109628723 a prime number?
False
Is 19200529 a prime number?
True
Is 18339751 composite?
True
Is 14495987 composite?
True
Is 145671563 prime?
True
Is 165932729 a composite number?
False
Is 6875551 composite?
True
Is 2302787 a composite number?
False
Is 11011183 composite?
False
Is 287320105 prime?
False
Is 55720109 prime?
True
Is 564617 composite?
False
Is 30529981 prime?
True
Is 25863521 a prime number?
False
Is 8458837 prime?
True
Is 3427111 composite?
False
Is 1553147 composite?
False
Is 85934971 a composite number?
False
Is 2881883 composite?
False
Is 6877351 a prime number?
False
Is 2510219 composite?
False
Is 59760637 a prime number?
False
Is 182103631 a composite number?
False
Is 146340589 prime?
True
Is 48980831 a prime number?
True
Is 72706874 a composite number?
True
Is 1178843 composite?
False
Is 3702782 a prime number?
False
Is 108684377 a composite number?
False
Is 937147 composite?
False
Is 1533029 a composite number?
False
Is 62479381 a prime number?
False
Is 417845507 a composite number?
False
Is 114072067 composite?
True
Is 519698758 a prime number?
False
Is 12241013 a prime number?
True
Is 647303 a composite number?
False
Is 5900861 prime?
False
Is 102687883 prime?
True
Is 7511237 composite?
True
Is 6786983 composite?
True
Is 18169147 composite?
False
Is 60691765 composite?
True
Is 402037 prime?
True
Is 560887 a composite number?
False
Is 114934199 prime?
True
Is 619763 a composite number?
False
Is 10250477 composite?
True
Is 506417 composite?
False
Is 8103289 prime?
True
Is 4033721 a prime number?
True
Is 6985679 a composite number?
False
Is 19894415 a prime number?
False
Is 19745015 prime?
False
Is 129910457 a prime number?
False
Is 84466595 a composite number?
True
Is 593340089 a prime number?
True
Is 21678133 composite?
False
Is 110239889 composite?
True
Is 8444287 a composite number?
False
Is 19526159 composite?
False
Is 72793789 a composite number?
False
Is 14814997 a composite number?
False
Is 18438661 composite?
True
Is 8802383 a prime number?
True
Is 162158455 prime?
False
Is 14501999 a composite number?
True
Is 15854849 a prime number?
False
Is 911132809 composite?
False
Is 5060437 prime?
False
Is 11314055 a prime number?
False
Is 124365121 a composite number?
False
Is 513829 a composite number?
False
Is 290737 prime?
True
Is 5543297 composite?
False
Is 8238649 a composite number?
True
Is 90929669 prime?
True
Is 5790814 a composite number?
True
Is 43074959 a prime number?
True
Is 43592695 composite?
True
Is 345249509 a composite number?
True
Is 1150003 a composite number?
True
Is 1225535 a prime number?
False
Is 4445057 prime?
False
Is 8069023 prime?
False
Is 2800219 a prime number?
True
Is 888618362 composite?
True
Is 196032143 a composite number?
False
Is 48025561 composite?
True
Is 642973 composite?
False
Is 17922659 composite?
False
Is 44621623 composite?
False
Is 3627661 prime?
True
Is 39492997 composite?
False
Is 804473 composite?
False
Is 495065 a prime number?
False
Is 2679827 prime?
False
Is 49679113 a composite number?
True
Is 7717933 a composite number?
True
Is 311101849 a prime number?
True
Is 52926261 compo